 24*i + 1. Calculate j(0).
1
Let g(k) = -3*k**3 + 464*k**2 - 310*k + 307. Give g(154).
-1
Let w(s) = 2*s**3 + 13*s**2 - 92*s - 604. What is w(-7)?
-9
Let f(c) = 7*c + 240. Determine f(-36).
-12
Let n(w) = w**2 - 28*w + 146. What is n(17)?
-41
Let t(a) = -30*a + 2189. Give t(72).
29
Let b(m) = -8*m - 171. What is b(-32)?
85
Let t(m) = -m**3 + 18*m**2 - 19*m + 31. Determine t(17).
-3
Let w(u) = 28*u + 86. Calculate w(31).
954
Let f(i) = -2*i**2 + 34*i - 116. Calculate f(13).
-12
Let b(l) = -l**2 + l + 135. What is b(13)?
-21
Let z(a) = -2*a**3 - 20*a**2 + 15*a - 29. Give z(-12).
367
Let f(w) = w**3 + 35*w**2 + 97*w - 17. Calculate f(-32).
-49
Let j(d) = d**2 + 19*d - 804. What is j(21)?
36
Let i(y) = 46*y - 931. Give i(21).
35
Let t(s) = 10*s - 628. Determine t(62).
-8
Let x(s) = -6*s**3 + 3*s**2 + 13*s - 18. What is x(4)?
-302
Let s(w) = w**2 + 115*w + 2430. What is s(-87)?
-6
Let k(d) = -479*d - 6698. What is k(-14)?
8
Let x(l) = 7*l**3 - 5*l**2 + 8*l - 3. Calculate x(1).
7
Let u(z) = -z**3 - 9*z**2 + 13*z + 165. Calculate u(-4).
33
Let p(d) = 2*d**3 + 226*d**2 - 2*d - 226. Determine p(-113).
0
Let k(w) = -556*w - 5561. What is k(-10)?
-1
Let c(y) = y**3 + 37*y**2 - 22*y + 665. Determine c(-38).
57
Let p(h) = -168*h**2 - 4*h + 10. Give p(-2).
-654
Let c(d) = d**3 + 38*d**2 + 33*d - 33. Give c(-37).
115
Let l(t) = -t**2 + 105*t - 2804. What is l(55)?
-54
Let h(c) = -215*c + 1287. Give h(6).
-3
Let d(t) = -t**3 - 9*t**2 + 8*t + 70. Give d(-9).
-2
Let r(b) = -b**3 - 69*b**2 + 147*b + 364. Give r(-71).
9
Let g(r) = 1165*r + 11630. Calculate g(-10).
-20
Let q(c) = 18*c**2 + 153*c - 967. Give q(6).
599
Let b(o) = -o**3 - 51*o**2 + 3*o + 145. What is b(-51)?
-8
Let h(z) = 22*z + 267. Determine h(-7).
113
Let p(n) = -n**2 + 183*n + 2751. What is p(-14)?
-7
Let k(j) = 10*j**2 + 152*j + 48. Calculate k(-15).
18
Let p(u) = 723*u - 6531. What is p(9)?
-24
Let t(m) = 7*m - 58. Give t(-3).
-79
Let i(q) = 374*q + 3735. Calculate i(-10).
-5
Let p(w) = -642*w**2 - 5781*w - 41. What is p(-9)?
-14
Let d(g) = -g**3 + 9*g**2 - 44*g + 4. Give d(5).
-116
Let p(o) = o**3 + 62*o**2 - 15*o + 93. Give p(-62).
1023
Let f(n) = n**2 + 6*n + 33. Give f(11).
220
Let v(o) = 1021*o + 133747. What is v(-131)?
-4
Let g(n) = 3*n**2 + 30*n - 210. Give g(-18).
222
Let y(i) = -i**3 + 32*i**2 + 77*i - 66. Determine y(-3).
18
Let i(f) = -2*f**3 - 2*f**2 + 32*f - 2. What is i(4)?
-34
Let y(b) = -2*b - 120. Calculate y(-6).
-108
Let f(a) = a**2 - 54*a + 62. Give f(60).
422
Let n(h) = -h**3 - 12*h**2 + 11*h - 4. Calculate n(-9).
-346
Let t(y) = -15*y - 866. What is t(-34)?
-356
Let j(z) = 43*z + 1227. Calculate j(-37).
-364
Let o(q) = q**2 + 61*q - 482. Determine o(7).
-6
Let f(x) = 2*x**3 + 4*x**2 - 31*x + 14. Calculate f(3).
11
Let f(r) = 10*r**2 + 10*r + 35. Give f(-4).
155
Let b(p) = 3*p**3 - 28*p**2 + 13*p - 19. Determine b(9).
17
Let h(m) = m - 5. Determine h(1).
-4
Let q(b) = 2*b**2 + 50*b + 43. Calculate q(-24).
-5
Let m(w) = -w**2 - 38*w - 38. Determine m(-1).
-1
Let l(j) = -2*j**2 + 252*j + 9361. Give l(-30).
1
Let x(r) = 12*r**2 + 4*r + 18. Calculate x(4).
226
Let p(d) = -d**2 + 40*d + 63. Give p(-2).
-21
Let d(t) = 141*t - 40. Determine d(2).
242
Let i(d) = -d**3 - 4*d**2 - 13*d - 25. Give i(-3).
5
Let j(g) = -g**2 + 25*g + 281. Calculate j(-8).
17
Let c(u) = -u**3 + 70*u + 42. Give c(-8).
-6
Let b(m) = -m**2 + 93*m - 1878. Determine b(34).
128
Let n(a) = a**2 + 32*a - 8. Determine n(-31).
-39
Let t(z) = 51*z**2 + 7*z - 509. What is t(0)?
-509
Let y(l) = -l**2 - 72*l + 3062. Calculate y(30).
2
Let k(m) = -m**3 + 26*m**2 + 14*m - 39. Determine k(26).
325
Let h(s) = -41*s + 987. Calculate h(24).
3
Let k(q) = -199*q + 7323. Calculate k(37).
-40
Let t(p) = -90*p + 21. What is t(3)?
-249
Let t(p) = 2*p**3 + 122*p**2 + 236*p - 4. Give t(-59).
-4
Let g(r) = 5*r**3 - 3*r**2 - 25*r + 16. What is g(-4)?
-252
Let q(a) = -a**3 + 12*a**2 - 65*a + 591. What is q(11)?
-3
Let x(u) = -79*u + 2099. What is x(33)?
-508
Let o(n) = -n**2 + 46*n - 193. Determine o(42).
-25
Let t(c) = 22*c - 5. Determine t(5).
105
Let x(a) = a**3 - 26*a**2 - 350*a + 11. Calculate x(-10).
-89
Let b(s) = 141*s + 2404. What is b(-17)?
7
Let c(k) = 3*k**2 + 22*k - 197. What is c(8)?
171
Let s(f) = -119*f + 5469. Determine s(46).
-5
Let i(v) = 31*v - 577. Calculate i(18).
-19
Let h(f) = 2*f**3 + 9*f**2 + 1743*f + 6946. Calculate h(-4).
-10
Let b(h) = h - 9. Calculate b(11).
2
Let b(k) = -257*k + 792. Give b(3).
21
Let w(x) = -x**3 + 4*x**2 - 65*x + 206. Determine w(3).
20
Let r(u) = -470*u - 14589. What is r(-31)?
-19
Let o(w) = -w**3 - 32*w**2 - 231*w - 7. What is o(-11)?
-7
Let p(d) = -d**2 - 6*d - 13. Determine p(-8).
-29
Let v(b) = 4*b. Give v(-15).
-60
Let p(z) = -3*z**2 + 79*z - 88. Calculate p(25).
12
Let n(o) = 2*o**2 + 109*o - 1007. What is n(8)?
-7
Let g(s) = 18*s + 228. Calculate g(3).
282
Let d(o) = -44*o**3 - 2*o**2 - 2*o - 2. What is d(-1)?
42
Let b(s) = s**3 - 307*s**2 + 560*s + 15250. Give b(305).
0
Let a(c) = -c**3 - 199*c**2 + 435*c + 6631. Give a(-201).
-2
Let n(g) = 186*g + 6691. Give n(-36).
-5
Let b(u) = 80*u - 311. What is b(4)?
9
Let d(z) = -9*z**2 + 3*z - 37. What is d(0)?
-37
Let t(i) = 11*i + 460. Determine t(-46).
-46
Let d(k) = 5*k**2 - 345*k + 5496. Determine d(44).
-4
Let u(g) = 2*g**3 + 10*g**2 + g + 55. Determine u(-6).
-23
Let c(p) = -p**2 - 11*p + 91. Give c(11).
-151
Let p(k) = -205*k + 3088. Determine p(15).
13
Let j(n) = 2*n**2 + 22*n - 74. Determine j(-14).
10
Let v(q) = q**3 - 6*q**2 - 81. Calculate v(7).
-32
Let w(b) = 8*b**2 - 103*b - 30. What is w(13)?
-17
Let c(q) = 5*q**2 - 56*q + 159. What is c(6)?
3
Let z(v) = v**2 + 65*v + 876. What is z(-46)?
2
Let v(i) = 92*i + 640. Calculate v(-7).
-4
Let y(r) = -r**3 - 39*r**2 + 59*r + 462. What is y(-40)?
-298
Let l(h) = h**3 + 27*h**2 + 57*h + 223. Give l(-25).
48
Let j(r) = -r**2 + 33215*r - 166054. Determine j(5).
-4
Let l(f) = f**3 + 51*f**2 + 291*f + 4843. Give l(-47).
2
Let n(l) = 100*l - 801. What is n(8)?
-1
Let f(r) = 2*r**2 + 28*r + 163. Determine f(-12).
115
Let m(t) = -275*t - 1929. What is m(-7)?
-4
Let o(z) = -92*z + 18. Calculate o(1).
-74
Let a(y) = y**2 - 3171*y - 12701. What is a(-4)?
-1
Let u(l) = 8*l**2 + 49*l - 47. Give u(1).
10
Let v(u) = u**3 + 71*u**2 - 378*u + 150. What is v(-76)?
-2
Let p(x) = x**3 - 27*x**2 + 618*x - 16703. What is p(27)?
-17
Let h(r) = 62*r**2 + 19*r + 17. What is h(-1)?
60
Let k(i) = i**3 + 7*i**2 + 11*i + 254. What is k(-9)?
-7
Let w(i) = i**3 + 9*i**2 + 21*i + 119. Give w(-8).
15
Let i(p) = p**2 - 4*p - 60. Calculate i(-20).
420
Let u(d) = -5*d + 190. What is u(38)?
0
Let r(z) = z**3 + z**2 + 142*z + 289. Calculate r(-2).
1
Let k(o) = -20*o + 864. Determine k(61).
-356
Let z(j) = -j**2 + 8*j - 9. Calculate z(0).
-9
Let l(u) = -10*u**3 + 3*u**2 + 16*u + 1. Give l(-3).
250
Let k(i) = 6*i**2 - 16*i - 284. What is k(-8)?
228
Let u(d) = 6*d - 636. Calculate u(102).
-24
Let i(q) = 52*q - 870. What is i(11)?
-298
Let m(s) = -s**2 - 10071*s - 50334. Calculate m(-5).
-4
Let f(v) = v**3 - 5*v**2 + 9*v - 158. What is f(6)?
-68
Let c(s) = -2*s**3 - 5*s**2 - 11*s + 1. Determine c(-5).
181
Let f(u) = u**2 - 82*u - 1175. Determine f(94).
-47
Let v(n) = 57*n - 224. What is v(9)?
289
Let a(s) = s**2 - 7*s + 42. Give a(7).
42
Let u(t) = 21*t**3 + 5*t - 5. Give u(-3).
-587
Let c(g) = g**3 + 51*g**2 + 44*g - 303. Determine c(-50).
-3
Let j(t) = 79*t + 354. Calculate j(10).
1144
Let a(m) = 78*m**3 + 5*m**2 + 2*m - 4. Determine a(-1).
-79
Let d(n) = -11*n**2 - 122*n + 48. Give d(-13).
-225
Let f(m) = -426*m + 2559. What is f(6)?
3
Let q(b) = b**3 - 23*b**2 + 35*b + 159. Determine q(21).
12
Let n(j) = -j**3 - 2*j**2 - 56*j - 25. Determine n(0).
-25
Let j(k) = -182*k + 4429. Determine j(24).
61
Let j(y) = y**3 + 37*y**2 + 48*y + 501. Determine j(-36).
69
Let a(t) = -283*t - 21513. Give a(-76).
-5
Let o(i) = -3*i**3 + 3*i**2 - 39*i - 5. What is o(0)?
-5
Let s(p) = -3*p**3 + 194*p**2 + 66*p + 76. Calculate s(65).
141
Let r(t) = 2*t**3 + 65*t**2 + 22*t - 199. Determine r(-32).
121
Let u(y) = -2*y**3 + 27*y**2 - 17*y + 30. Determine u(12).
258
Let s(r) = 850*r - 7617. Calculate s(9).
33
Let z(w) = -72*w + 3052. Calculate z(42).
28
Let x(n) = 108*n + 960. Calculate x(-9).
-12
Let o(n) = -23*n**2 - 279*n + 249. 